{"id":49,"date":"2018-02-02T07:43:59","date_gmt":"2018-02-02T07:43:59","guid":{"rendered":"http:\/\/www.ruizdiaz.com.mx\/site\/diazparra\/?page_id=49"},"modified":"2018-02-05T06:15:18","modified_gmt":"2018-02-05T06:15:18","slug":"resume","status":"publish","type":"page","link":"http:\/\/www.ruizdiaz.com.mx\/site\/diazparra\/?page_id=49","title":{"rendered":"Resume"},"content":{"rendered":"<table width=\"621\">\n<tbody>\n<tr>\n<td width=\"621\"><strong>EDUCACI\u00d3N<\/strong><\/td>\n<\/tr>\n<tr>\n<td width=\"621\">Doctor en Ciencias Aplicadas. 2006-2008. Centro de Investigaci\u00f3n en Ingenier\u00eda y Ciencias Aplicadas (CIICAP). Parallel Evolutionary Algorithm for a Supply Chain with Time Windows.<\/td>\n<\/tr>\n<tr>\n<td width=\"621\">Master en Administraci\u00f3n de Tecnolog\u00edas de Informaci\u00f3n. 2000 &#8211; 2002. Tec de Monterrey Campus Cuernavaca. Present situation and tendencies of the security system of the local network of the ITESM campus Cuernavaca.<\/td>\n<\/tr>\n<tr>\n<td width=\"621\">Ingeniero en Sistemas Computacionales. 1993-1999. Instituto Tecnol\u00f3gico de Veracruz.<\/td>\n<\/tr>\n<\/tbody>\n<\/table>\n<p>&nbsp;<\/p>\n<table width=\"640\">\n<tbody>\n<tr>\n<td width=\"640\"><strong>DISTINCIONES<\/strong><\/td>\n<\/tr>\n<tr>\n<td width=\"640\">Becario de la Fundaci\u00f3n Telmex 2006-2008.<\/td>\n<\/tr>\n<tr>\n<td width=\"640\">Menci\u00f3n Honorifica en la defensa de tesis doctoral (CIICAP-UAEM) (2008).<\/td>\n<\/tr>\n<tr>\n<td width=\"640\">Miembro de la International Association of Engineers (IAENG) Society of Software Engineering.<\/td>\n<\/tr>\n<tr>\n<td width=\"640\">Miembro de la International Association of Engineers (IAENG) Society of Operations Research.<\/td>\n<\/tr>\n<tr>\n<td width=\"640\">Miembro de la International Association of Engineers (IAENG) Society of Information System Engineering.<\/td>\n<\/tr>\n<tr>\n<td width=\"640\">Miembro de la International Association of Engineers (IAENG) Society of Computer Science 2009.<\/td>\n<\/tr>\n<tr>\n<td width=\"640\">Miembro del Padr\u00f3n Estatal de Investigadores del gobierno de Tabasco 2009-2010.<\/td>\n<\/tr>\n<tr>\n<td width=\"640\">Miembro del Institute of Advanced Scientific Research (IASR) 2009, 2010.<\/td>\n<\/tr>\n<tr>\n<td width=\"640\">Miembro de la International Society for Environmental Information Sciences<\/td>\n<\/tr>\n<tr>\n<td width=\"640\">Miembro del grupo de trabajo de la EURO Working Group on Vehicle Routing and Logistics Optimization (VeRoLog).<\/td>\n<\/tr>\n<tr>\n<td width=\"640\">Miembro del Sistema Estatal de Investigadores de Tabasco 2009.<\/td>\n<\/tr>\n<tr>\n<td width=\"640\">Miembro del Sistema Estatal de Investigadores de Morelos 2010-2011.<\/td>\n<\/tr>\n<tr>\n<td width=\"640\">Candidato a investigador Nacional (SNI-C). (2010-2013).<\/td>\n<\/tr>\n<tr>\n<td width=\"640\">Perfil PROMEP deseable para profesores de tiempo completo (2011-2012).<\/td>\n<\/tr>\n<tr>\n<td width=\"640\">Miembro de las Redes Tem\u00e1ticas CONACYT de Investigaci\u00f3n: Red Modelos Matem\u00e1ticos y Computacionales (RMMC) (2011-2013).<\/td>\n<\/tr>\n<tr>\n<td width=\"640\">Investigador Nacional Nivel I (SNI I). 2014-2016.<\/td>\n<\/tr>\n<tr>\n<td width=\"640\">Perfil PROMEP deseable para profesores de tiempo completo (2013-2016)<\/td>\n<\/tr>\n<tr>\n<td width=\"640\">Certificaci\u00f3n Acad\u00e9mica en Inform\u00e1tica Administrativa de la Asociaci\u00f3n Latinoamericana de Facultades y Escuelas de Contadur\u00eda y Administraci\u00f3n (ANFECA) (2010, 2011, 2013-2016).<\/td>\n<\/tr>\n<tr>\n<td width=\"640\">Miembro de la Red latinoamericana de Divulgaci\u00f3n.<\/td>\n<\/tr>\n<tr>\n<td width=\"640\">Miembro de la Machine Intelligence Research Labs (MIR Labs).<\/td>\n<\/tr>\n<tr>\n<td width=\"640\">L\u00edder y fundador del Cuerpo Acad\u00e9mico C\u00f3mputo Cient\u00edfico y BioInspirado.<\/td>\n<\/tr>\n<tr>\n<td width=\"640\">L\u00edder de la Academia de Fundamentos Computacionales y sistemas inteligentes de la Dependencia Academia de Ciencias de la Informaci\u00f3n de la Universidad Aut\u00f3noma del Carmen.<\/td>\n<\/tr>\n<tr>\n<td width=\"640\">Investigador Nacional nivel I del CONACYT (SNI-1). (2014-2016), (2017-2020)<\/td>\n<\/tr>\n<tr>\n<td width=\"640\">Miembro de la Red tem\u00e1tica en Inteligencia Computacional Aplicada (RedICA). 2017<\/td>\n<\/tr>\n<\/tbody>\n<\/table>\n<p>&nbsp;<\/p>\n<p>&nbsp;<\/p>\n","protected":false},"excerpt":{"rendered":"<p>EDUCACI\u00d3N Doctor en Ciencias Aplicadas. 2006-2008. Centro de Investigaci\u00f3n en Ingenier\u00eda y Ciencias Aplicadas (CIICAP). Parallel Evolutionary Algorithm for a Supply Chain<\/p>\n<p class=\"link-more\"><a class=\"myButt \" href=\"http:\/\/www.ruizdiaz.com.mx\/site\/diazparra\/?page_id=49\">Read More<\/a><\/p>\n","protected":false},"author":1,"featured_media":0,"parent":0,"menu_order":0,"comment_status":"closed","ping_status":"closed","template":"","meta":{"footnotes":""},"class_list":["post-49","page","type-page","status-publish","hentry"],"_links":{"self":[{"href":"http:\/\/www.ruizdiaz.com.mx\/site\/diazparra\/index.php?rest_route=\/wp\/v2\/pages\/49","targetHints":{"allow":["GET"]}}],"collection":[{"href":"http:\/\/www.ruizdiaz.com.mx\/site\/diazparra\/index.php?rest_route=\/wp\/v2\/pages"}],"about":[{"href":"http:\/\/www.ruizdiaz.com.mx\/site\/diazparra\/index.php?rest_route=\/wp\/v2\/types\/page"}],"author":[{"embeddable":true,"href":"http:\/\/www.ruizdiaz.com.mx\/site\/diazparra\/index.php?rest_route=\/wp\/v2\/users\/1"}],"replies":[{"embeddable":true,"href":"http:\/\/www.ruizdiaz.com.mx\/site\/diazparra\/index.php?rest_route=%2Fwp%2Fv2%2Fcomments&post=49"}],"version-history":[{"count":4,"href":"http:\/\/www.ruizdiaz.com.mx\/site\/diazparra\/index.php?rest_route=\/wp\/v2\/pages\/49\/revisions"}],"predecessor-version":[{"id":81,"href":"http:\/\/www.ruizdiaz.com.mx\/site\/diazparra\/index.php?rest_route=\/wp\/v2\/pages\/49\/revisions\/81"}],"wp:attachment":[{"href":"http:\/\/www.ruizdiaz.com.mx\/site\/diazparra\/index.php?rest_route=%2Fwp%2Fv2%2Fmedia&parent=49"}],"curies":[{"name":"wp","href":"https:\/\/api.w.org\/{rel}","templated":true}]}}